he highest common factor of y and j.
14
Let a be 198 + 0 - (2 + 7 + -6). What is the greatest common factor of a and 26?
13
Let p = 214 - 129. What is the greatest common divisor of 68 and p?
17
Suppose -207 - 486 = -3*c. Calculate the highest common factor of 66 and c.
33
Suppose -177 - 483 = -5*z. What is the greatest common factor of 48 and z?
12
Suppose 3*m - 24 = -4*r + 29, -5*r + 5*m + 110 = 0. Calculate the highest common factor of r and 731.
17
Let a(f) = 23*f - 27. Suppose -9 = -3*i, -2*q - 4*i + 3 = -5*q. Let m be a(q). What is the highest common divisor of m and 14?
14
Let y(t) = -t**2 - 9*t - 14. Let m be y(-6). Let p be 3*5/((-60)/(-8)). Suppose 7 + 13 = p*f. What is the highest common factor of m and f?
2
Let b be 88/(-12)*-3 + 0. Let q = 24 - b. Calculate the greatest common divisor of q and 2.
2
Suppose j = -5, j + 5 = -g - g. Suppose 27 = -g*k + 3*k. What is the highest common divisor of 27 and k?
9
Suppose -i = -11*i + 1440. Calculate the highest common factor of i and 63.
9
Let c(g) = -g + 2. Let b be c(6). Suppose 105*x = 110*x. Let k be 4 - (6 - x) - b. Calculate the greatest common factor of k and 12.
2
Let q be (9/2)/((-19)/(-114)). Calculate the greatest common divisor of q and 1.
1
Let n = 9 + -23. Let w = n + 40. Suppose 0 = 5*s - w - 39. Calculate the highest common factor of 13 and s.
13
Suppose 28*p + 27*p - 8918 = 6*p. Suppose 4*b - b - 156 = 0. What is the highest common factor of p and b?
26
Let k(v) = v**3 - 4*v**2 - 4*v - 8. Let j be k(6). Suppose -95*l + 672 = -53*l. What is the greatest common divisor of j and l?
8
Let m be 4 - 16/6*18/(-8). What is the highest common factor of m and 2?
2
Let v(x) = -x - 5. Let c be v(-8). Suppose 351 = c*j + 2*t, -3*j + 100 + 242 = -t. Calculate the greatest common factor of 46 and j.
23
Let m(h) = -h**2 + 4*h + 8. Let c be m(4). Let t be 4/3*(29 - c). Let j(p) = -69*p**3 + p**2. Let x be j(-1). Calculate the highest common factor of t and x.
14
Let k be ((-6)/2)/((-6)/(-1456)). Let o be k/(-12) - (-4)/(-6). Let y(u) = u. Let s be y(12). Calculate the highest common factor of s and o.
12
Let l = -170 + 178. Calculate the greatest common factor of 76 and l.
4
Suppose -4*v + v = -21. Let o = v + -5. Suppose 3*c - o*c = 12. What is the highest common factor of 96 and c?
12
Let c = -56 - -58. What is the greatest common factor of 7 and c?
1
Let c(v) = -10*v - 128. Let d be c(-14). What is the highest common divisor of d and 18?
6
Let s(u) = -6 + 10 + 14 + u. Let a be s(9). Let k = -6 - -9. What is the greatest common divisor of k and a?
3
Let z be -5*(-6)/45*3. Let g be z*58*2/8. What is the greatest common factor of 87 and g?
29
Suppose 5*g + 13 = 213. What is the highest common factor of g and 5?
5
Suppose 58 = 3*f + 4*v, v + 55 = 3*f + 2. Suppose -f = -5*p + 7. Suppose 0*o = -p*o + 100. What is the greatest common factor of o and 60?
20
Let v be -1 - 3/(9/564). Let d = -467 + v. Let i be (-4)/(-14) + d/(-56). Calculate the greatest common divisor of i and 108.
12
Let y be (-5)/10 + 18/4. Suppose -25 = -y*w - w. Let l(n) = 8*n - 4. Let s be l(3). Calculate the greatest common factor of s and w.
5
Suppose 0 = -a + x - 16 + 30, -3*a - 3*x + 30 = 0. What is the highest common divisor of 486 and a?
6
Let b = 1175 + -1137. Calculate the highest common factor of 46 and b.
2
Let h be -1 - 36/(-44) - 59254/(-286). What is the greatest common factor of h and 92?
23
Suppose -5*h + 88 + 147 = 0. Suppose -17 + h = t. What is the greatest common divisor of t and 20?
10
Suppose 3 - 11 = -2*j. Suppose 2*a - 4*a = 3*q - 491, -j*a = -5*q + 811. Let u = q + -73. What is the greatest common divisor of u and 9?
9
Let p be (78 - 3)*7/(63/30). Calculate the highest common factor of p and 200.
50
Suppose h + 4 = -h, 4*m = 2*h + 20. Suppose 3*x + 4*y = -2 + m, -3*x + 14 = y. Suppose 57 = -2*a + 69. What is the greatest common factor of x and a?
6
Suppose 2*v + 3*z = 7125, -3*v + 49*z = 47*z - 10655. What is the greatest common factor of 79 and v?
79
Suppose 4*a + 3*o - 66 = 0, -31*a + 40 = -29*a - 2*o. Suppose 344 = 7*l - 2*l - 4*m, 0 = -5*m + 20. Calculate the greatest common factor of l and a.
18
Let z(m) = -m**2 + 6*m - 3. Let w be z(2). Let t be (-302)/(-10) - w/25. Let c = 43 - t. What is the greatest common factor of c and 104?
13
Suppose -3*u - 33 = -54. Let n(t) = -t**3 - t**2 - 3*t - 6. Let b be n(-3). Calculate the highest common factor of u and b.
7
Suppose g = y - 239, y + 0*g = 3*g + 233. What is the highest common factor of y and 2?
2
Suppose q = 6*q - 15. Suppose 3*u - 5*x - 365 = -2*u, q*x = -3. Let i be u/15*20/8. Calculate the highest common factor of i and 12.
12
Suppose -6 = -b + 2*k, 3*b - 11 = 5*k - 6*k. Calculate the highest common divisor of 112 and b.
4
Suppose -2*a + 4*d = 32, 3*a + 43 = 3*d + 2*d. Let i be (0 - (-64)/a)*480/(-64). Calculate the highest common divisor of i and 16.
16
Let u = 15 + 0. Let n(a) = -59*a**3 - a. Let d be n(-1). Suppose -7*m + 3*m = -d. What is the highest common factor of u and m?
15
Suppose -4*k = -3*l + 356, -4*l + k = -4*k - 473. What is the highest common divisor of l and 48?
16
Let l be (-3669)/(-27) + 56/504. Let m be (68/(-6))/(1/(-3)). What is the greatest common factor of m and l?
34
Let m = -24 + 44. Suppose -2*h + 4*y - m = -4*h, 20 = -5*y. What is the highest common divisor of h and 24?
6
Let q be (-2)/(-3) + 4/(-6). Suppose x + 2*m + 3 = q, -2*m - 23 = -4*x - 3*m. Let p = x - -4. What is the greatest common divisor of p and 77?
11
Suppose 0 = 26*q + 423 - 1151. What is the greatest common factor of q and 76?
4
Suppose 136 + 414 = d. Suppose -13*o + d = -8*o. What is the highest common divisor of 22 and o?
22
Suppose -66*l = -57*l - 81. What is the highest common divisor of l and 657?
9
Suppose -5*l + 5*q + 540 = 0, -2*l + 7*l - 2*q - 531 = 0. Let r = l + -69. Calculate the highest common factor of 4 and r.
4
Let r = 31 - 13. Let a be ((-60)/r)/((-2)/3). What is the highest common factor of a and 20?
5
Let m = 13 - 14. Let l(f) = f**3 + 1. Let g be l(m). Suppose -2*i + 6*i - 140 = -4*c, -c = g. What is the greatest common factor of i and 7?
7
Suppose 11 - 11 = 2*w. Let l(f) = f**3 - f + 17. Let y be l(w). Calculate the greatest common factor of 68 and y.
17
Let c(i) = -i**3 - 19*i**2 + 21*i + 23. Let g be c(-20). Suppose -g*l = r - 49, 4*l + r = 17 + 47. What is the highest common factor of l and 105?
15
Suppose -76*w + 40 = -68*w. Calculate the highest common factor of w and 80.
5
Suppose -6*v = 5*q - 4*v - 1839, -5*v - 1860 = -5*q. Calculate the greatest common factor of 63 and q.
9
Let b(m) = -m**3 + 15*m**2 - 37*m - 25. Let v be b(10). What is the greatest common divisor of 1785 and v?
105
Let m be ((-9)/6)/(6/(-8)). Let t(q) = q - q**2 + 19 + 1 + 1 + 2*q**m. Let v be t(0). What is the greatest common factor of v and 21?
21
Suppose -5*b + 9*b = 24. Suppose -g = -b*g - c + 13, -13 = -2*g - 3*c. What is the greatest common factor of g and 3?
1
Suppose 96 = 5*x + 2*h, x - h - 22 = -0*x. Let n be ((-32)/112 - (-18)/(-35))*-275. What is the greatest common divisor of x and n?
20
Let w be (-1)/2*28/21*-6. Suppose -2*x + 514 = 4*v, -w*x + v + 1008 = -v. What is the greatest common divisor of x and 23?
23
Suppose -2*k - 1085 + 1107 = 0. Calculate the greatest common factor of 1210 and k.
11
Let y be (-1)/(-3 + (-19)/(-6)). Let a be y*((-33)/(-6) - 3). Let p = 32 + a. What is the highest common divisor of p and 119?
17
Suppose -60*j - 1044 = -66*j. Calculate the highest common factor of j and 12.
6
Let n = -6 + 22. Let u = -14 + n. Let x be 24 - 6*u/(-4). What is the highest common factor of x and 135?
27
Suppose 4*x - 2*l - 2398 = 0, 4*l + 0 = -x + 586. What is the greatest common divisor of 46 and x?
46
Let t = 314 + -286. What is the highest common factor of t and 98?
14
Suppose -4*n + 26 + 14 = 0. Let i = 67 + -209. Let j = -32 - i. Calculate the greatest common factor of n and j.
10
Suppose 3*f + 0 - 31 = -4*g, 44 = 5*g + 2*f. Suppose 3*o = -2*o + 50. What is the greatest common divisor of g and o?
10
Let p = -137 - -202. Calculate the highest common factor of 455 and p.
65
Let y(s) be the first derivative of -s**4/4 + 4*s**3 - 9*s**2/2 - 7*s + 7. Let x be y(11). Calculate the greatest common divisor of 120 and x.
15
Let y be (-